-1
Let v(y) = -y**3 + 9*y**2 + 4*y + 11. Give v(9).
47
Let o(z) = -z**3 - 7*z**2 - 5*z + 2. Give o(-6).
-4
Let d(f) = f**2 + 18*f - 17. Give d(-15).
-62
Let y(t) = t**3 - 9*t**2 - t - 5. Determine y(9).
-14
Let f(j) = 3*j**2 - 38*j + 50. What is f(11)?
-5
Let o(i) = i**2 - 9*i - 11. Calculate o(11).
11
Let r(l) = l**2 - 11*l + 3. What is r(5)?
-27
Let u(a) = -4*a - 3. Give u(2).
-11
Let u(z) = -34*z + 1. Give u(1).
-33
Let l(m) = -m**3 - 8*m**2 - 10*m + 7. Give l(-7).
28
Let c(k) = -25*k**3 + k - 2. What is c(1)?
-26
Let r(n) = n**2 + 13*n - 11. Calculate r(-10).
-41
Let i(r) = 3*r**2 + 12*r - 16. What is i(-7)?
47
Let l(g) = g + 5. Determine l(3).
8
Let w(f) = -f**2 + 8*f - 6. Calculate w(8).
-6
Let z(a) = -a**3 + 11*a**2 - 19*a + 15. Give z(8).
55
Let w(a) = a**3 + 10*a**2 + 5*a - 35. What is w(-9)?
1
Let f(d) = d**3 + 7*d**2 + d - 1. Determine f(-7).
-8
Let j(p) = p + 21. What is j(0)?
21
Let r(w) = -3*w + 13. What is r(3)?
4
Let m(t) = 2*t**2 + 12*t + 1. Determine m(-5).
-9
Let u(b) = 9*b - 10. Give u(3).
17
Let s(f) = f**3 - 5*f**2 - 25*f + 13. Calculate s(8).
5
Let i(w) = w - 1. Determine i(-13).
-14
Let t(p) = -3*p**3 - 46*p**2 + 29*p - 49. What is t(-16)?
-1
Let u(r) = -2*r**2 + 7*r + 12. What is u(10)?
-118
Let f(n) = n**2 + n - 3. Determine f(-6).
27
Let b(c) = c**2 + 25*c - 108. Determine b(-29).
8
Let y(p) = -p**2 - 24*p - 11. Determine y(-22).
33
Let h(t) = -t**2 - 18*t - 57. Determine h(-4).
-1
Let w(j) = 3*j - 16. Calculate w(15).
29
Let k(w) = w + 11. Determine k(-8).
3
Let y(x) = 5*x**3 + 2*x**2 + x - 1. Determine y(1).
7
Let c(t) = t**3 - 13*t**2 - 16*t + 215. Calculate c(13).
7
Let k(l) = l**2 + l - 4. Determine k(0).
-4
Let x(d) = d**3 + 5*d**2 - 7*d - 14. Calculate x(-6).
-8
Let w(r) = -13*r + 50. Give w(4).
-2
Let g(d) = d - 19. Determine g(19).
0
Let x(n) = n**3 + 7*n**2 + 4*n - 9. What is x(-6)?
3
Let s(v) = v**3 - 8*v**2 - 5*v - 2. What is s(9)?
34
Let g(p) = 3*p**2 - 4*p - 9. Calculate g(5).
46
Let q(g) = -9*g**2 - 42*g - 1. Calculate q(-5).
-16
Let t(h) = -h**2 + 35*h + 108. What is t(38)?
-6
Let f(a) = a**3 - 28*a**2 + 78*a - 30. Give f(25).
45
Let p(u) = 2*u**3 + 51*u**2 + 23*u - 48. What is p(-25)?
2
Let h(z) = -2*z + 42. Give h(21).
0
Let c(k) = k**2 - 3*k + 6. Calculate c(4).
10
Let z(d) = 5*d**3 + 3*d**2 + 2*d + 4. What is z(-2)?
-28
Let z(a) = 22*a**2 - 4*a + 1. Calculate z(1).
19
Let g(k) = -7*k**2 + 4*k - 1. Give g(3).
-52
Let d(a) = -14*a + 3. Calculate d(2).
-25
Let f(b) = 75*b - 375. What is f(5)?
0
Let i(s) = -3*s + 42. Determine i(11).
9
Let a(f) = f + 26. Calculate a(-18).
8
Let r(x) = x**2 - 11*x + 19. Calculate r(12).
31
Let l(v) = -2*v**2 - 14*v - 17. Calculate l(-6).
-5
Let p(m) = -7*m**2 - 5*m - 3. Determine p(-3).
-51
Let t(m) = -m**3 - 17*m**2 + 19*m + 22. Give t(-18).
4
Let y(s) = 2*s - 8. Determine y(-6).
-20
Let j(a) = 2*a - 33. Give j(13).
-7
Let y(n) = -2*n**2 - 3*n - 1. What is y(-6)?
-55
Let s(x) = x**3 + 12*x**2 + 9*x - 32. What is s(-11)?
-10
Let p(s) = s**3 - 9*s + 32. Calculate p(-4).
4
Let c(n) = -5*n + 1. Give c(5).
-24
Let j(l) = -308*l - 921. Calculate j(-3).
3
Let s(g) = g**3 - 2*g**2 - 2*g + 6. Give s(0).
6
Let a(l) = -11*l + 19. What is a(9)?
-80
Let g(h) = -h**2 + 45*h - 132. What is g(42)?
-6
Let c(t) = 8*t + 2. Calculate c(-1).
-6
Let f(n) = -2*n**2 - 20*n + 14. Give f(-11).
-8
Let s(q) = q**3 + 34*q**2 - 74*q - 71. Determine s(-36).
1
Let d(v) = -v**3 + 11*v**2 - 12*v + 14. Determine d(10).
-6
Let o(m) = 7*m**2 - 36*m + 11. Determine o(5).
6
Let w(b) = -2*b + 6. Calculate w(-4).
14
Let c(x) = -x**3 + 9*x**2 + 22*x - 115. Give c(10).
5
Let t(g) = -g**3 - 12*g**2 - 25*g - 5. Give t(-2).
5
Let s(o) = o**3 - 4*o**2 + 3*o + 3. Determine s(2).
1
Let l(k) = -7*k**2 - 31*k - 4. Give l(-4).
8
Let i(k) = k**3 - 2*k**2 - 15*k + 41. What is i(4)?
13
Let m(u) = -u**2 + 6*u - 11. Calculate m(7).
-18
Let x(d) = -d**3 + 5*d**2 + 8*d - 5. Calculate x(6).
7
Let i(q) = q**2 + 8*q - 3. Calculate i(-9).
6
Let t(c) = -c**3 - 7*c**2 - c. Determine t(-5).
-45
Let v(x) = -3*x - 6. What is v(0)?
-6
Let n(r) = -174*r - 348. Determine n(-2).
0
Let k(m) = 3*m**2 - 239*m - 86. Calculate k(80).
-6
Let c(a) = 2*a + 21. Calculate c(-9).
3
Let j(r) = -2*r**2 - 6*r - 5. What is j(-3)?
-5
Let a(v) = v**2 + 8*v - 10. Give a(-8).
-10
Let c(t) = t**2 - 2*t - 18. Calculate c(-4).
6
Let a(v) = v**2 - 15*v - 2. What is a(16)?
14
Let q(a) = -10*a + 62. Calculate q(6).
2
Let n(p) = -8*p**2 - 94*p + 22. Determine n(-12).
-2
Let o(n) = n**3 - 12*n**2 + 14*n + 3. Give o(10).
-57
Let w(d) = 23*d - 116. What is w(6)?
22
Let i(q) = -2*q + 1. Give i(3).
-5
Let g(i) = 4*i - 14. Determine g(-12).
-62
Let b(t) = 52*t - 9. Determine b(1).
43
Let m(b) = b**3 - 10*b**2 - 5*b - 20. Calculate m(8).
-188
Let g(l) = l**3 + 12*l**2 - 14*l + 6. Calculate g(-13).
19
Let t(q) = -q**3 + 36*q**2 + 74*q + 101. Calculate t(38).
25
Let s(l) = 2*l**2 + 7*l - 49. Determine s(-7).
0
Let x(r) = -r**3 + 2*r. Calculate x(-2).
4
Let y(u) = u. Calculate y(23).
23
Let d(k) = k**3 - 5*k**2 + 7*k - 4. What is d(2)?
-2
Let b(f) = -f**3 + 18*f**2 + 18*f + 2. Determine b(19).
-17
Let s(f) = -2*f**2 - 75*f - 46. Determine s(-37).
-9
Let y(w) = -2*w - 9. Determine y(-4).
-1
Let w(k) = -196*k - 193. Give w(-1).
3
Let r(f) = -4*f + 38. Calculate r(12).
-10
Let u(k) = k**2 + k. Give u(-6).
30
Let n(l) = 3*l - 18. Give n(-6).
-36
Let p(o) = o**3 + 27*o**2 - o - 34. Determine p(-27).
-7
Let t(c) = c**3 + 4*c**2 - 8*c + 5. What is t(-6)?
-19
Let d(y) = y**2 + 5*y - 8. Determine d(-6).
-2
Let l(c) = 16*c**2 + 4*c - 2. What is l(-2)?
54
Let r(j) = j**2 - 5*j - 1. Determine r(7).
13
Let g(p) = 26*p - 38. Determine g(7).
144
Let m(p) = 2*p - 12. What is m(5)?
-2
Let q(p) = 5*p - 86. Give q(18).
4
Let r(n) = -n**3 + n**2 + 6*n - 4. What is r(3)?
-4
Let d(o) = -o**3 + 7*o**2 + 3*o - 11. Give d(7).
10
Let j(o) = 5*o - 16. What is j(5)?
9
Let l(d) = d**3 + 8*d**2 + 14*d. Give l(-5).
5
Let q(v) = v**3 + 12*v**2 + 24*v + 18. What is q(-10)?
-22
Let w(j) = -16*j - 48. Calculate w(-11).
128
Let s(m) = 3*m + 9. Give s(-6).
-9
Let b(a) = -8*a**2 + 4*a - 2. Give b(1).
-6
Let q(s) = -23*s - 445. What is q(-19)?
-8
Let v(s) = 3*s + 34. Determine v(-10).
4
Let k(x) = -x**2 + 25*x - 131. What is k(8)?
5
Let p(i) = -3*i + 51. Determine p(7).
30
Let z(f) = -f + 11. What is z(20)?
-9
Let i(w) = w**3 + 2*w**2 - 2*w + 4. Calculate i(-3).
1
Let q(m) = m**3 - 13*m**2 + 10*m + 16. Determine q(12).
-8
Let f(k) = -2*k**3 + 3*k**2 - 3*k. Give f(2).
-10
Let i(j) = j - 11. Determine i(-10).
-21
Let z(s) = 2*s**3 - s**2 + 3*s + 5. Determine z(-1).
-1
Let m(b) = -3*b - 2. What is m(2)?
-8
Let x(a) = -7*a + 5. Determine x(5).
-30
Let h(r) = -2*r**3 - 34*r**2 - 31*r - 2. Determine h(-16).
-18
Let g(t) = -5*t + 1. Give g(-4).
21
Let u(y) = -y**3 - 18*y**2 + 16*y - 59. Calculate u(-19).
-2
Let p(a) = a**2 + 11*a - 14. Give p(-12).
-2
Let g(c) = -c**2 - 4*c - 3. Determine g(4).
-35
Let m(n) = 3*n + 41. What is m(-10)?
11
Let y(k) = k**2 - 9*k + 11. Calculate y(8).
3
Let f(g) = g**2 + 34*g - 11. Determine f(-35).
24
Let m(g) = -4*g + 87. Calculate m(32).
-41
Let a(j) = 4*j + 2. Determine a(-1).
-2
Let n(o) = -o**2 - 9*o + 4. Calculate n(-10).
-6
Let s(r) = -r**2 + 2*r - 5. What is s(0)?
-5
Let g(r) = 2*r**3 + 36*r**2 - 39*r - 2. Give g(-19).
17
Let l(a) = -a**2 + 15*a - 10. Determine l(17).
-44
Let m(i) = i**3 + 9*i**2 + 6*i + 3. Determine m(-7).
59
Let q(b) = 2*b - 7. Determine q(3).
-1
Let s(c) = -c**3 - 16*c**2 - 16*c + 22. Calculate s(-15).
37
Let q(u) = -u**2 + 3*u + 7. What is q(5)?
-3
Let r(j) = -12*j - 19. Determine r(-2).
5
Let y(i) = -2*i**3 + 12*i**2 - 5*i + 19. What is y(6)?
-11
Let b(u) = u**3 + 8*u**2 + 10*u + 3. Calculate b(-7).
-18
Let q(y) = y**3 - 9*y**2 + 13*y + 11. Calculate q(3).
-4
Let l(k) = -k**3 + 7*k**2 - 13*k - 10. What is l(6)?
-52
Let m(l) = -l**2 - 4*l + 9. What is m(-7)?
-12
Let p(n) = -5*n**3 - n**2 + 7*n - 9. Determine p(2).
-39
Let r(f) = 5*f + 7. What is r(6)?
37
Let o(g) = 8*g**3 - g**2 - 2*g - 1. Calculate o(-1).
-8
Let p(k) = -k**3 + 13*k**2 + 37*k - 9. Calculate p(15).
96
Let s(v) = v**2 - 3*v - 77. Give s(-7).
-7
Let w(u) = -u**2 - 9*u + 1. What is w(-11)?
-21
Let y(j) = -2*j + 11. Determine y(11).
-11
Let f(n) = n**3 - 6*n**2 - 7. What is f(6)?
-7
Let m(t) =